-f**2 + 7*f + 4. Let p = 1359 - 1274. Calculate the remainder when p is divided by h(7).
1
Let r be (((-1775)/5)/(-5))/(-1). Let l = r + 95. What is the remainder when 67 is divided by l?
19
Let r = -13 + 43. Suppose -2*w = -48 - r. What is the remainder when w is divided by 10?
9
Let t(d) = -29*d - 9. Let a be ((-10)/(-4) - 1)*(-2)/3. What is the remainder when 38 is divided by t(a)?
18
Let i(q) = -q**3 + 12*q**2 - 12*q + 19. Let w be i(11). What is the remainder when 40 is divided by 4/8 + 84/w?
7
Suppose -m = -9 - 4. Calculate the remainder when 38 is divided by m.
12
Let d(m) = -m**3 + 39*m**2 - 2*m + 130. Calculate the remainder when 96 is divided by d(39).
44
Suppose 75 = r + w, -r + 5*w = 4*r - 395. Suppose x = r - 75. What is the remainder when -10*((-1)/(-2) + -1) is divided by x?
1
Suppose 4*b - 13 = 35. Calculate the remainder when 3/((-6)/(-152)) + 2 is divided by (-30)/(2*(-9)/b).
18
Suppose -738 = 5*d - 2393. Calculate the remainder when d is divided by 37.
35
Let s(p) = -2*p**2 - 96*p - 340. What is the remainder when 201 is divided by s(-44)?
9
Suppose -2*b - 186 + 794 = 4*z, -5*b - 3*z = -1527. What is the remainder when b is divided by 26?
20
Suppose -p = -j - 4, -6 = 2*j + 3*p + 17. Let z = 73 + j. Calculate the remainder when z is divided by 17.
15
Let n(y) = y**3 - 16*y**2 + 17*y - 23. Let x = -2 - -17. What is the remainder when 69 is divided by n(x)?
6
Let r = -185 + 551. What is the remainder when r is divided by 23?
21
Let c(q) = 62*q - 276. What is the remainder when c(6) is divided by 55?
41
Suppose 3*n = -2*n + 135. Let j(o) = 30*o + 1926. Calculate the remainder when n is divided by j(-64).
3
Suppose 5*i = 4*i - 76. Let w = -36 - i. Let b(l) = -l**3 + 6*l**2 - 4*l - 5. What is the remainder when w is divided by b(4)?
7
Suppose -n = -4*t + 2*n + 44, 4*t - 2*n = 48. Let m be ((-4)/(-2))/(6/21). Let f = t - m. What is the remainder when 15 is divided by f?
1
Let z(a) = -8*a - 6. Let d be z(-4). Let q = d - 15. Let y(r) = -14*r + 2. What is the remainder when y(-2) is divided by q?
8
Let m(w) = w**3 + 4*w**2 - 8*w + 4. Let v be m(-6). Let u = v - -29. Calculate the remainder when 126/(-10)*350/(-105) is divided by u.
6
Suppose 5*w - 2*u = -0*u + 1395, -5*w + 1395 = 3*u. Calculate the remainder when w is divided by 28.
27
Suppose -3*d = 5*n - 166, 2*d + 294 = 7*d + 4*n. What is the remainder when 122 is divided by d?
60
Let b(r) = -20*r - 95. Calculate the remainder when 111 is divided by b(-6).
11
Let y = 1 + -10. Let r be (-6)/(-8) + y/(-4). Let g = r - -51. Calculate the remainder when g is divided by 14.
12
Let h be 12/(-9)*(-90)/4. Let x = h - 24. Calculate the remainder when 12 is divided by x.
0
Suppose 3*i + 0 - 9 = 0. Suppose 12 = i*q + 3. What is the remainder when 7 is divided by q?
1
What is the remainder when -4 + -4 + 11 + 2 + 1 is divided by (-3 - -1) + -2 + 7?
0
Suppose 81 = 4*b - 1107. Calculate the remainder when b is divided by ((-405)/(-18))/((-3)/(-24)*3).
57
Let l(t) be the third derivative of t**4/24 - 5*t**3/6 - 6*t**2 - 3. Let i(z) = -2*z - 6. Let b be i(-7). Calculate the remainder when 5 is divided by l(b).
2
Let o = -74 + 79. Suppose n - o*s = 24, -4*s = -4*n + 51 + 61. What is the remainder when n is divided by 58/4 + 1/2?
14
Calculate the remainder when 90 is divided by (-246)/(-12) + (-11)/22.
10
Suppose 5*v - 1 = z - 0*v, 3*v + 64 = 4*z. Suppose -k + 3*g - 11 = 0, 2*k = 4*k - 5*g + z. Calculate the remainder when 7 is divided by (1 + k)*3*-1.
1
Let w = 27 + 8. Calculate the remainder when w is divided by (171/285)/((-2)/(-20)).
5
Calculate the remainder when 217 is divided by 12/9*(-810)/20*-1.
1
Suppose -3*v = 4*a - 13, -2*v = 2*v - 12. Calculate the remainder when 47 is divided by 224/(-14)*(-1)/a.
15
Suppose -33*j + 18 = -30*j. Suppose -16*r = -j*r - 260. Calculate the remainder when 127 is divided by r.
23
Suppose -263*q - 1248 = -302*q. Calculate the remainder when q is divided by 24.
8
Suppose 5*s - 5*w - 115 = 0, 0 = -5*s + 2*w - 5 + 108. Suppose 355 = 5*t + 3*z, 0 = 4*t - 2*z - 224 - 60. Calculate the remainder when t is divided by s.
14
Suppose 3*s = -2*s + 10. Calculate the remainder when (-4)/(-6) - (37/(-3) + 0) is divided by (-7)/3*-3 - s.
3
Let v be (4 - (-2672)/(-28)) + 9/21. Suppose 4 = -2*w - 2. Calculate the remainder when v/w - (-2)/(-6) is divided by 16.
14
Let n(z) = 2*z + 16. Suppose 3 + 3 = -i. Calculate the remainder when 3 - 5/((-15)/9) is divided by n(i).
2
Let h = 20 - 18. Suppose 7*q - h*q - 35 = 4*p, p = -5. Suppose -q*j = 2*d - 5*d - 114, 0 = -4*j + 3*d + 155. Calculate the remainder when j is divided by 22.
19
Let p be 10/4*24/30. Suppose 0 = -p*y - 0*y. Suppose -9 = -i - y. Calculate the remainder when i is divided by 5.
4
Let y be (-4)/(-2*1/4). Suppose -7 - y = -3*o. Let u = 26 - 17. Calculate the remainder when u is divided by o.
4
Let u = -71 + 75. Calculate the remainder when 18 is divided by 1*(u - (-3 - -5)).
0
Suppose -3*p = w - p + 4, 0 = -2*w - 3*p - 4. Suppose -k = -13 + w. Suppose 109 = 3*x - 5*j, -3*j = 4 + 2. Calculate the remainder when x is divided by k.
6
Let y = -228 - -239. What is the remainder when 71 is divided by y?
5
Let t(y) be the first derivative of -3*y**2/2 + 5*y + 6. Let p be t(5). Let b = 13 - p. What is the remainder when 44 is divided by b?
21
What is the remainder when 77 is divided by -4*289/(-20) + (-8)/10?
20
Let d = -447 - -577. Calculate the remainder when d is divided by 44.
42
Let u(o) = 2*o**2 + 4*o + 349. What is the remainder when u(0) is divided by 32?
29
Suppose -20 = -4*t - t. Suppose -3*s - 11 = -t*s. Suppose -10 = -3*a + s. Calculate the remainder when a is divided by 4.
3
Suppose m - 11*m + 50 = 0. Suppose -126 = m*c - 4*z - 724, c - 5*z = 128. What is the remainder when c is divided by 20?
18
Suppose -17*x + 0*x = -1071. What is the remainder when 1068 is divided by x?
60
Let u = -52 + 104. Suppose 34*y - 402 = -28. Calculate the remainder when u is divided by y.
8
Suppose 8 = 2*q - 24. Let m = 4 - -41. Calculate the remainder when m is divided by q.
13
Suppose 0 = 2*z - 4*z + 72. Calculate the remainder when 679/42 + -17 - 371/(-6) is divided by z.
25
Suppose 5*q - 9 - 6 = 0. Suppose q*l - 2 - 4 = 0, 2*c = 2*l + 132. Calculate the remainder when c is divided by 35.
33
Let m = 3895 + -3890. Calculate the remainder when (-32)/10*(-30)/4 is divided by m.
4
Let r(n) = -n**2 + 17*n - 26. Let v be r(6). Suppose 0 = -4*d + v - 0. Calculate the remainder when 33 is divided by d.
3
Let r(k) = k**3 - 3*k**2 - 23*k + 34. Calculate the remainder when r(8) is divided by 29.
25
Let q = 29 - 18. Let z(d) = -d**2 + 20*d - 16. What is the remainder when q is divided by z(19)?
2
Let u(f) = f**2 + f - 7. Suppose -660 = -2*o + 60. Suppose 36*n - 32*n = o. Calculate the remainder when n is divided by u(-6).
21
Suppose g + 24 = 5*o, -3*o = 2*o + 5*g. Calculate the remainder when ((-6)/4)/1*104/(-39) is divided by o.
0
Let v = 305 - 144. Calculate the remainder when v is divided by 54.
53
Let c = -39 - -42. Suppose -c*h + 63 = -0*h. Calculate the remainder when h is divided by 11.
10
Let z = -26 - -31. Suppose -11 = l - z*s, 0 = -3*l + 2*l - 2*s + 10. What is the remainder when 5 is divided by l?
1
Let v = 60 - 58. What is the remainder when (-5)/((1/2*v)/(-5)) is divided by 4?
1
Let w = -23 - -40. Let y = 140 + -58. Calculate the remainder when y is divided by w.
14
What is the remainder when 74 is divided by 1053/45 - 8 - (-6)/10?
10
Let u(y) = 2*y**3 - 30*y**2 + 30*y - 3. What is the remainder when u(15) is divided by 75?
72
Suppose -2*x = 4*g - 40, -10*x + 9*x + 10 = 4*g. What is the remainder when 50 is divided by x?
20
Let k(w) = 64*w + 78. What is the remainder when 278 is divided by k(-1)?
12
Suppose 0*l + 41 = 5*h - l, -h - l + 13 = 0. What is the remainder when 3/(-3*(3 + 1)/(-84)) is divided by h?
3
Calculate the remainder when 33 is divided by (-2 - (-5 - (5 + 4)))*1.
9
Let i = 275 - 171. Suppose i = 4*w - 2*w. What is the remainder when w is divided by 27?
25
Suppose 3*m - 8*m = -20. Suppose m*u - 5*u = -4*y - 15, 4*y = -u + 7. Let f = -19 - -40. Calculate the remainder when f is divided by u.
10
Let u = 17 + -1. Let f(p) = 18*p**2 - p. Let k be f(-1). Suppose g - 2*v = k, 0*g + 2*v = 2*g - 28. Calculate the re